ctor of 54 and v?
9
Suppose -m + 10 = -4. Suppose 0 = i + 3 + 1. Let z be (i/10)/(14/(-5390)). Calculate the greatest common factor of m and z.
14
Let w = 39 + -19. Let q(n) = 10*n - 10. Let y be q(15). Calculate the highest common divisor of y and w.
20
Let s = -2 - -2. Suppose s = -2*z - 7 + 45. Suppose 4*n = -2*n + 228. Calculate the highest common factor of n and z.
19
Suppose -2*h + u + 34 = 0, -16 = -4*h - 2*u + 36. Let q(m) = 4*m + 15. Let v be q(h). Let n = 53 - 23. What is the highest common divisor of v and n?
15
Let s be (9/(-6))/((-1)/(-4)). Let o(r) = r**2 + r - 16. Let w be o(s). Let g = 60 + 10. Calculate the greatest common divisor of g and w.
14
Let a be (1 + 32)/((-6)/(-28)). Let h(n) = 3*n + 18. Let j be h(-4). Suppose -j*f = -2*f - 56. What is the greatest common divisor of a and f?
14
Suppose -61 + 541 = 5*u. Suppose -12*d = -8*d - u. Suppose -5*s + d = -s. What is the greatest common factor of 66 and s?
6
Suppose 48 = 4*q + 8. Suppose -t + 73 = q. Calculate the greatest common divisor of 42 and t.
21
Let i = 626 + -614. Calculate the greatest common divisor of i and 15.
3
Let u = 271 + -255. What is the greatest common factor of u and 12?
4
Let j = 23 + -3. Suppose -2*t - 122 = -4*t. Let o = 81 - t. Calculate the highest common divisor of o and j.
20
Let j = 1510 - 1482. Calculate the greatest common factor of j and 294.
14
Suppose -j + 320 + 227 = w, 0 = -w + 3*j + 535. Calculate the greatest common factor of w and 34.
34
Suppose 51*a = 46*a + 180. Calculate the highest common divisor of 21 and a.
3
Let s be 1/(2 - 2/2). Let u be 1 + s + 13 + 0. Suppose -61 = -k - 1. What is the greatest common factor of u and k?
15
Let n(m) = m**3 - m**2 - 2*m + 4. Let k be n(3). Let r = 43 - k. Suppose r = x + 2*x. What is the greatest common factor of 45 and x?
9
Let h = -34 - -34. Let o be h/(4 - 7) - -3. Calculate the greatest common factor of 12 and o.
3
Let q(t) = -17*t + 8. Let o be q(-6). Let w = -1 - -3. Suppose -3*m + w*m = -10. What is the greatest common factor of o and m?
10
Let o = 323 + -295. Calculate the greatest common divisor of o and 16.
4
Let c = -26 - -11. Let q be (-16)/3 + 10/c. Let u be ((-6)/(-4))/(q/(-56)). Calculate the greatest common divisor of u and 21.
7
Let k = 2281 + -2261. What is the highest common factor of k and 135?
5
Suppose -w = 5*i - 4*i - 107, 5*i - 4*w - 508 = 0. Calculate the highest common divisor of i and 16.
8
Let s be 1542/14 - 2 - 44/308. Suppose 117 = 4*o + 9. Calculate the greatest common divisor of s and o.
27
Let q = -291 + 331. Suppose -3*f = f - 32. Calculate the greatest common divisor of f and q.
8
Let i = -340 - -375. Calculate the greatest common divisor of i and 14.
7
Suppose -9*v - 3 = -84. Suppose k = g, 5*g - 1 = -2*k + 6. What is the greatest common factor of g and v?
1
Let y(b) = -b**2 - 8*b - 9. Let m be y(-7). Let i = 11 + -15. Let f be (i/m)/((-4)/(-2)). Calculate the highest common factor of f and 6.
1
Suppose -2*d = -7 - 3. Suppose -3*b + d*a + 295 = 0, -5*b = -3*a - 158 - 355. Calculate the greatest common factor of b and 42.
21
Suppose -5*x + 89 = 19. Let v be 1/((-1)/3) + 6. Suppose 5*y + 0*f + 3*f = 16, 4*f - x = -v*y. What is the highest common divisor of 6 and y?
2
Let u be (25/(-100))/((-5)/1940). Calculate the greatest common divisor of u and 291.
97
Suppose -4*s = -0*s - 8. Suppose 3*k - 2*y = -33, -2*k + 5*y - 20 = 13. Let g = s - k. What is the highest common divisor of g and 33?
11
Let x(s) = -2*s - 8. Suppose -3*q = -2*q + 5. Let h be x(q). Let w be 2/(1 + 7/(-8)). What is the greatest common divisor of h and w?
2
Let q = -1248 + 1299. What is the greatest common factor of 357 and q?
51
Let g(b) = -7*b + 7. Let w be g(1). Suppose w = 2*m + 13*m - 45. Calculate the highest common divisor of m and 12.
3
Let z be (60/(-9))/(-10)*27. Suppose -142 = 3*j - 4*j + i, 10 = 5*i. What is the highest common divisor of j and z?
18
Let y be (-1)/(-3) + (49039/57)/29. What is the greatest common divisor of y and 160?
10
Let u(j) = -j**2 - 12*j + 3. Let i be u(-9). Suppose 2*p - 3*g = 0, 6*p - p + 2*g - 38 = 0. Calculate the greatest common divisor of i and p.
6
Let i be (-76)/(-10) + 2/5. Suppose -i = -l + x, -l = 4*x + x + 4. Calculate the highest common divisor of 42 and l.
6
Let t = -17 + 8. Let o be (t/(-3))/((-9)/(-6)). Suppose -8 = -2*d, m + d + 2*d - 13 = 0. What is the highest common factor of o and m?
1
Suppose -25*s = -44*s + 38. What is the greatest common divisor of 21 and s?
1
Let x(j) = -j**3 - 20*j**2 + 2*j + 44. Suppose -p = -6*p - k - 104, -2*p = 3*k + 52. Let t be x(p). What is the greatest common divisor of t and 68?
4
Suppose 56 = z - 1. Calculate the highest common factor of 171 and z.
57
Suppose 6 = -12*n + 13*n. Let k be ((-189)/(-6))/(n/8). Let d be (2 + (-14)/4)*-4. Calculate the highest common factor of k and d.
6
Let u(q) = 2*q**2 - 2*q - 11. Let v be u(4). What is the highest common factor of 247 and v?
13
Let t = 960 - 905. Calculate the greatest common factor of 88 and t.
11
Let k = 24 + -13. Suppose f - l = -2*l + 7, 2*f - l = k. Suppose -6*q + 3*q = -w - 12, -w + q - 2 = 0. Calculate the highest common factor of f and w.
3
Suppose -10*j - 64 = -374. What is the greatest common factor of 527 and j?
31
Let b(u) = u**3 - 9*u**2 - u + 1. Let i be b(8). Let c = i + 136. Suppose -h + 2*h - 3*o = 50, -2*h - o = -c. Calculate the highest common factor of 7 and h.
7
Let d = -362 - -450. What is the highest common divisor of d and 396?
44
Let c = 44 - 42. Let x(t) = t**2 + 7*t - 11. Let v be x(c). What is the highest common divisor of v and 56?
7
Suppose 162 = 4*l + d + 2*d, -l = 2*d - 43. Let m = l - 19. Calculate the highest common divisor of 10 and m.
10
Let g = 91 + -11. Suppose 0*i + 8 = 4*i. Suppose -i*j - j + 60 = 0. What is the greatest common factor of j and g?
20
Let r(q) = 2*q**2 + 11*q + 25. Let a be r(-6). What is the greatest common factor of 1 and a?
1
Let l = 4 - -22. Suppose -12*y = -2*y - 650. Calculate the highest common factor of y and l.
13
Suppose 3*k - 2*n - 12 - 3 = 0, 2*n + 5 = k. What is the highest common divisor of k and 65?
5
Suppose 5*g = g + 2*b + 90, -g - 4*b = -36. Let f = 31 + -23. What is the greatest common divisor of g and f?
8
Let p(w) = 239*w**3 - w**2. Let i be p(1). Suppose -3*q - q - 5*s + 932 = 0, 2*s = -8. Suppose q = 15*t - 8*t. What is the highest common factor of t and i?
34
Suppose -5*f = -5*n + 135, -25 = -2*n + 3*f + 32. Let b be n/(-16)*(-1)/(-3)*-126. Calculate the greatest common divisor of b and 9.
9
Suppose -6*o + 4*o + 102 = 0. Let h be (0 - 76)/(34/o). Let u = h + 186. What is the highest common divisor of u and 18?
18
Let b(n) = n**3 - n**2 - n. Let v be b(0). Suppose 5*j - 3*z = 63, j + 2*z - 3*z - 11 = v. What is the highest common factor of 75 and j?
15
Let v be 1/((-1)/(-13 - -2)). Let q = v - 8. Suppose -9 = 2*d - f - 33, 0 = -2*d + q*f + 16. What is the highest common factor of d and 2?
2
Suppose 0 = 3*m - 5 - 1. Suppose -m*i + x = -9 - 2, 3*i = 3*x + 15. What is the highest common divisor of i and 30?
6
Let d be 3978/273 + (-8)/14. Calculate the greatest common divisor of 175 and d.
7
Suppose 5*d = 27 - 2. Suppose d*y + 3*r = -130, -2*r + 28 = -3*y - 31. Let g = 22 - y. Calculate the highest common factor of g and 9.
9
Suppose -4*b - 541 = -3*x, 0 = -5*x + 5*b - 3*b + 925. Calculate the highest common divisor of 51 and x.
17
Let f be 2/10 + (-18)/15. Let w = 29 - f. What is the highest common factor of w and 45?
15
Suppose 2*q + 118 + 56 = -5*s, 10 = 5*s. Let u = q + 100. Let n(o) = -o**3 - o**2 - 2*o. Let d be n(-3). What is the highest common factor of u and d?
8
Let a(c) = 2*c - 5. Suppose 4*d - l - 38 = 0, -d - d = -2*l - 16. Let r be a(d). What is the highest common factor of r and 30?
15
Suppose 4*u + 4*d = 3*d + 3, 2*d = -5*u. Calculate the highest common factor of 178 and u.
2
Let k(u) = -16*u + 646. Let j be k(31). What is the highest common factor of 480 and j?
30
Let f = 12 + -7. Suppose -4*m = -f*m. Suppose m = 5*a - 319 - 256. Calculate the greatest common factor of 23 and a.
23
Suppose -3*u = 3*w - 51, 4*w + 3*u - 61 = 8. Suppose 0*c - 656 = -4*c + 4*x, -5*c = x - 808. Calculate the greatest common factor of c and w.
18
Suppose -264 + 241 = -o. Let p be 138/(-4)*(-